Evaluate -2 + (-3 - 3) + 11.
3
Calculate 0 + -2 + (-1 + -1 - 17).
-21
Evaluate 1 + (-7 - (8 + (5 - 6 - 9))).
-4
What is 4 + -7 + 4 + (10 - 10)?
1
Evaluate 9 + -3 + (-11 - -11) + 17 + -4.
19
((39 - 5) + -26 - (0 + 0)) + -3
5
Evaluate 7 + (2 + 0 + 0 - (765 - 767)).
11
Calculate -11 - -2 - (-8 + 14 + -4).
-11
What is the value of (-7 + 14 + -10 - -17) + 0?
14
Evaluate -37 - (29 + -47 - 40).
21
(-4 - -12) + 9 + -16 + (9 - 5)
5
What is 76 - 92 - (5 - -1 - -1)?
-23
What is (-4 - -3 - (2 - 2)) + 2?
1
23 - (18 - (16 - 18))
3
What is the value of (-24 - -16) + (43 - (4 - -1))?
30
Calculate 16 - 2 - (0 + 0).
14
Evaluate 5 - 12 - (1 - (2 - -2) - -3).
-7
Calculate -25 + 19 + 11 - (-16 + 3 + 1).
17
What is -5 - (-15 - 1 - (-285 + 303))?
29
79 - 86 - (14 - (3 + -2 + -1))
-21
Calculate -38 + 25 + 5 + -14.
-22
Evaluate -28 + -14 + 25 + 31.
14
What is the value of 18 - 8 - 5 - (-3 + 2)?
6
Evaluate 4 + (22 - 23 - 13) - (0 + -8).
-2
-19 - (-4 + -15) - (8 + -1)
-7
Evaluate 51 + -2 + -24 + -24 + (-5 - 1).
-5
Calculate 12 + 0 + 0 - (-53 + 40 - 12).
37
Evaluate (-8 - (-3 - 5)) + -3 - -3.
0
What is -14 + -2 + (44 - 39) + -7?
-18
What is (-6 - (2 + -7)) + 0 + -11 + -2?
-14
Evaluate -17 + 41 + (-27 - -14).
11
What is (-19 + 1 - (-76 + 77)) + 6 - -7?
-6
Calculate (1 - 0) + (-41 - (-33 + -9)).
2
What is -3 - (1 - 1) - (109 + -118)?
6
Calculate -5 + -17 - (19 - 30 - -11).
-22
Calculate 22 + -8 + (-42 - -16).
-12
Evaluate 7 + 2 - 5 - 1 - (6 - 3).
0
Evaluate 0 - -5 - (-12 - (-3 + -19)).
-5
35 - ((-25 - -34) + 9)
17
What is -16 - ((31 - 44) + -5)?
2
Evaluate (17 - 10) + 2 + 2 + -2.
9
Calculate 34 + -6 + 9 - 21 - (-1 - -1).
16
(-6 - (5 + -1)) + 9 - (2 - 16)
13
What is the value of 20 + 1 - (-326 - -350)?
-3
(11 - 21) + (-5 - (-29 - -4))
10
Evaluate (112 - 117) + (0 - -18).
13
What is 2 + -3 - (12 + 14 + -13 - 6)?
-8
Evaluate (-627 - -627) + (3 - -1).
4
(-40 - -36) + -1 + 16 + -4
7
-83 + (162 - 65) - (1 + (0 - 0))
13
What is the value of (-7 - -5) + -22 - (-14 + 6 - -13)?
-29
454 - 443 - (-2 + (2 - -2))
9
What is the value of 2 - (-3 - -31 - -3 - (46 - 52))?
-35
32 - ((-1 - -7) + 8 + -2 - 3)
23
Evaluate -2 + (8 - (-3 - (7 - 35))).
-19
What is the value of -14 - (-18 + 14 + -17)?
7
Evaluate -10 + (-1 - -1) + 15 + -29.
-24
What is -2 + 19 + -7 + (-7 - -6 - 35)?
-26
Calculate -1 - 0 - (10 + 1) - 3.
-15
What is the value of (-1 - 0) + -1 + (-34 - (-34 + 3))?
-5
Calculate 15 - (20 + 7 + -3).
-9
What is the value of -4 + 4 - (-7 - (-6 + (-4 - -2)))?
-1
Calculate (18 - -25) + -30 - (5 - (-1 + 0)).
7
Calculate -2 + 0 + (-9 - (-2 + -2)).
-7
What is the value of (4 + -8 - 10) + 6 + -20?
-28
Evaluate 0 - (64 - 34) - (-10 - 2).
-18
What is 1 - (-29 - (-5 - 5)) - 12?
8
What is 1 + (37 - 34) + (0 - -3 - 30)?
-23
Calculate -1 + 16 + -18 - -9.
6
Evaluate 7 - (4 - 2) - 5 - 5.
-5
Calculate (1 - 19) + (9 + -2 - (-263 + 274)).
-22
(10 - (0 + 18 + -8)) + -8 - -13
5
Evaluate -119 - -128 - (21 - (-2 + 1)).
-13
What is 10 - (13 + 13) - -22?
6
(-6 - 3) + 6 - ((0 - -1) + -2)
-2
Calculate (-7 - (-10 + 9)) + (-7 - -4).
-9
What is the value of 0 + 6 + (2 - 6) + 4 - -3?
9
-84 + 95 + (0 - 9)
2
3 + (-1 - 4) + -3 + 2
-3
What is the value of 1 - 1 - (27 + -42 + 21)?
-6
18 + -35 + 18 - (0 + 2 + 2)
-3
Evaluate -15 - (-5 + -42 - (7 - 2)).
37
(4 + (-9 - -7) - 8) + 3
-3
What is (-18 - -10 - -15) + 8 + 12?
27
What is the value of -10 + (23 - -15) + -8?
20
-19 + (0 - -9 - (-58 + 58))
-10
What is 13 + -7 + (-6 - -2 - (-13 + 0))?
15
Calculate (2 - 7) + 0 + -13 + 6.
-12
Evaluate 20 - (5 - (-5 + 6 - 4)).
12
Calculate -2 + (1 - (4 + -5 + 0)) + -7.
-7
-15 - (-21 + 4) - 14
-12
What is the value of (-26 - ((-5 - -4) + -5)) + (9 - 3)?
-14
Calculate -7 + (-12 + 25 - 1).
5
Calculate (-8 - (-8 - -3)) + (2 - 9).
-10
Evaluate 16 + 1 - (-22 - -39).
0
What is 7 - 2 - (-1 + 1 + 11) - -4?
-2
What is the value of 4 - (-13 - (13 + (-14 - 4)))?
12
Evaluate (-25 + 17 - -5) + -2 + 17 + 0.
12
What is (-34 + 86 - 38) + 8?
22
Evaluate (33 - 55 - -65) + -27.
16
Evaluate -7 - ((-12 + 18 - -17) + (-7 - -4)).
-27
What is the value of -24 + -4 - -8 - 2?
-22
Evaluate -20 + (23 - (22 + 2) - (-1 - -8)).
-28
Evaluate -6 - (1 - -1) - (-8 - -13 - 15).
2
Evaluate (-23 - 1) + (8 - (-32 + 16 - -15)).
-15
What is 6 + -8 - (-10 + 5 + -1 + 5)?
-1
7 + (-15 - -12) - 20
-16
What is -2 - 2 - (-45 - (-15 - (-5 - -4)))?
27
What is the value of (-14 - (-6 + -10)) + (17 - 0)?
19
What is 895 + -930 - (1 + -18)?
-18
Calculate -4 - 0 - (202 - 189).
-17
What is 52 + (17 - 31) + (-1 - 5)?
32
What is -2 - (1 + 1 - -6)?
-10
What is the value of -14 - (6 + -7 + -1 + -6)?
-6
What is the value of -182 - -182 - (-4 + 1 + 1 + 6)?
-4
What is 1 + -9 + -2 + -43 + 30?
-23
25 + -23 + (-5 - 3) + 2 - 14
-18
Calculate (-1 - -2) + (-144 - -131).
-12
Evaluate -7 - (0 - 9) - 8.
-6
Calculate -11 - (31 + -14 + -25).
-3
(43 - 81) + -4 + 48
6
Evaluate 23 - (-1 - -16 - (-68 - -79)).
19
What is 2 - 1 - (157 - 173)?
17
What is 22 - 16 - (3 + -6 + 3) - -7?
13
What is the value of -3 - 7 - -17 - (9 + 14)?
-16
(1 + 3 - (48 + -46)) + -9 - -21
14
What is the value of 26 - (64 + -44) - (1 - 0 - -22)?
-17
What is the value of 16 - (0 - -1) - (-1784 - -1773)?
26
What is the value of (150 - 142) + (-2 + 0 - 15)?
-9
What is 13 + -15 + 5 + 3 + 11?
17
(-3 - (0 - 4) - 9) + 28 + -5
15
Calculate -33 + 0 + 167 + -95.
39
What is the value of (4 - -2) + (31 - 30) + -13?
-6
Calculate 14 - (14 - 8) - 8 - 31.
-31
Evaluate -4 + (-5 + 3 + 1 - 1 - -4).
-2
What is -38 + 46 + (-3 - (3 - 1) - 12)?
-9
Evaluate 10 - (-8 + -3 + (3 - 0) + 42).
-24
What is the value of 6 + -3 + 7 - (1 + 17 - -17)?
-25
What is the value of 4 + (4 - 5) + -2 - (11 + -8)?
-2
What is (6 - 5) + (-49 - -49)?
1
What is (-17 - 27 - -56) + -6 + 2?
8
Calculate 35 - ((-7 - -38) + 25).
-21
What is the value of 17 + -3 - (23 - 12)?
3
What is the value of -8 + (14 + -1 - 6)?
-1
-8 - (-7 + -11 - -10)
0
What is the value of (20 + -29 - -23) + -10?
4
-23 - (9 - 81 - -12)
37
What is (-39 - -53) + -4 + 2?
12
Calculate -4 + 11 - 4 - (-4 + -1 + 7).
1
Calculate (-13 - (5 - 11)) + 17.
10
Evaluate (5 - (6 - 5)) + 1.
5
What is -3 - (-10 + 4 - (-6 + -2))?
-5
(-1 - (17 - 26 - (-4 + -2))) + 0
2
Calculate (-1 - -3) + -504 + 510.
8
What is 5 - (-1 + 19 + -13)?
0
What is 7 - -3 - (-16 - (-50 - -10))?
-14
What is 0 + 20 + (-254 - -242) + (12 - 0)?
20
What is 7 - (-4 - (-18 + -11 - -12))?
-6
What is -331 - -318 - (-1 - 0)?
-12
Evaluate -2 - (13 + 0 + (10 - (10 + 2))).
-13
Evaluate -316 + 308 + 0 + 1 + (0 - -2).
-5
What is (0 - (-12 + 5 - -8 - 1)) + -26?
-26
Calculate (2 - -26) + -4 + 3 + -10.
17
Calculate 3 - (-19 + (10 - -6)).
6
What is 36 - 17 - (0 + 34)?
-15
Evaluate -6 - (-7 - (4 + -5)).
0
What is -27 + (-24 + 14 - -28)?
-9
What is -4 + -3 + -2 + 2 + 6?
-1
Evaluate 65 - 52 - (-1 - (-2 - 1)).
11
Evaluate (15 - 3) + ((-11 - -17) + 8 - 26).
0
What is the value of -7 + -4 + -9 - -21?
1
Evaluate -18 + (46 - (-6 - -18 - 12)).
28
(28 - 0) + (147 - 162)
13
What is the value of 168 + -198 - (-1 - 1)?
-28
Evaluate (-1 - -4) + -3 - (-56 - -46).
10
5 + 15 + 0 + -23 + (6 - -21)
24
What is 106 - 81 - (-1 + 5)?
21
3 - (0 + 1 + 10) - (-1 - 1)
-6
Calculate 7 - 7 - (6 + -3).
-3
Calculate (-13 - (22 + -38)) + -15.
-12
Calculate 36 - (-26 + 57 + 27).
-22
What is the value of (-29 - -25) + -4 + (4 - 0) + 34?
30
Evaluate 6 + 0 + (-91 - -96) - 2.
9
Evaluate -11 - (0 - (2 - (5 + -13))).
-1
-2 - 9 - (-9 - 1) - -3
2
What is the value of 2 + (-4 - (4 - 2 - 2)) + -30?
-32
What is the value of 0 + (8 - 2) + -3 - -14 - -5?
22
12 + (8 - -5) + -16 + 29 + -6
32
Calculate 14 - -1 - (-14 - (-4 + -10)) - 7.
8
What is the value of -3 + -3 - (7 - (3 - -13))?
3
Evaluate -26 + 0 - (-3 - (-12 + 3 + 6)).
-26
Evaluate (-7 - -5 - -5) + -2 + 6 - 6.
1
11 + -2 - (-22 + 38 + -5) - -3
1
7 + (4 + 4 - (-3 + 1))
17
What is the value of (341 + -365 - (1 - -16)) + 16?
-25
What is the value of (0 - 1) + (-2 - (-12 - (6 - 26)))?
-11
5 + -5 + (-5 - -6) + -4 - -1
-2
33 + -13 + 22 + -25
17
-6 + 2 - 3 - -5 - 2 - -5
1
What is the value of 28 + (-10 - -3) + -11?
10
Calculate 33 + (-58 - (-31 - -8)).
-2
Calculate (-2 - (4 - 0)) + 4 + 1 + -1.
-2
What is the value of 1 - 15 - (-304 - -299) - (5 + 2)?
-16
What is the value of -30 + 65 + -42 - (-2 - -22)?
-27
(-1 - -2) + 1700 + -1669
32
What is the value of -1 + -3 - -24 - ((-4 - 14) 